9 - 196?
-1a3
In base 8, what is 125 - 1?
124
In base 14, what is 5d - 9?
54
In base 15, what is -1484 + 0?
-1484
In base 13, what is 4 - 2c?
-28
In base 7, what is 54 - 46?
5
In base 12, what is 11a7 - -3?
11aa
In base 2, what is -101 + -100111001?
-100111110
In base 3, what is 2122110 - -1?
2122111
In base 6, what is 12 + -302?
-250
In base 15, what is -21 + 10?
-11
In base 12, what is -1123 - -a?
-1115
In base 2, what is -110100 + -110?
-111010
In base 12, what is -9 + -5?
-12
In base 15, what is -91b + 4?
-917
In base 10, what is 1 + -778?
-777
In base 15, what is 21 + 70?
91
In base 16, what is -632 + -d?
-63f
In base 12, what is 32 - 19?
15
In base 9, what is -15 + -1?
-16
In base 6, what is 153 - 5?
144
In base 13, what is -126 + -2?
-128
In base 6, what is -21223 + -5?
-21232
In base 12, what is 20a4 + 2?
20a6
In base 8, what is -327 - -73?
-234
In base 12, what is 4 - -24?
28
In base 15, what is -896 + -5?
-89b
In base 15, what is -55b - 2?
-55d
In base 4, what is 311 + 23?
1000
In base 6, what is -3 + -43?
-50
In base 12, what is 6870 - 4?
6868
In base 7, what is -5 - 1320?
-1325
In base 6, what is 1 + 1125?
1130
In base 5, what is -442 - 44?
-1041
In base 7, what is -1020 - 2?
-1022
In base 2, what is 10 + -1111111110?
-1111111100
In base 6, what is 5 + -41?
-32
In base 13, what is 65 - -2?
67
In base 2, what is -1 - 10000110?
-10000111
In base 14, what is -4 + -2?
-6
In base 3, what is 110120 - -1?
110121
In base 13, what is -38 + -4?
-3c
In base 16, what is aa + -65?
45
In base 3, what is 100 + -11?
12
In base 9, what is 3674 - -3?
3677
In base 8, what is -5434 + 3?
-5431
In base 16, what is 5a + -27?
33
In base 8, what is -16727 - -3?
-16724
In base 16, what is -1 - -e8?
e7
In base 14, what is 3 + 1b9?
1bc
In base 15, what is 1 + -15b?
-15a
In base 5, what is -11 + 200?
134
In base 10, what is 513 - -4?
517
In base 13, what is -14 + -76?
-8a
In base 7, what is 2 - -320?
322
In base 14, what is -32 - 1?
-33
In base 4, what is 2 + -212?
-210
In base 12, what is 4 - 431a?
-4316
In base 6, what is 214 + -4?
210
In base 2, what is -111101101 + -1?
-111101110
In base 16, what is 3 + -31e?
-31b
In base 4, what is 132 - 12222?
-12030
In base 15, what is 3 + -101?
-ed
In base 8, what is -155 + 3?
-152
In base 15, what is -18 + 1dc?
1c4
In base 16, what is 3b - a8?
-6d
In base 3, what is -12 + 101111110?
101111021
In base 2, what is -101000 - 110?
-101110
In base 14, what is -1 + -32?
-33
In base 14, what is 8db - -9?
906
In base 8, what is 2 + -2000?
-1776
In base 9, what is -1144 + 5?
-1138
In base 14, what is 8c + -2?
8a
In base 10, what is 4 + -7106?
-7102
In base 2, what is 110111011 - 101111?
110001100
In base 11, what is -4 - 60?
-64
In base 4, what is -11 - -1112131?
1112120
In base 8, what is -54 - 7?
-63
In base 4, what is -20100131 + -11?
-20100202
In base 8, what is 2 - -3023?
3025
In base 12, what is 15236 + -2?
15234
In base 13, what is 32 - 5?
2a
In base 13, what is -1 - -7?
6
In base 14, what is 2 - -104?
106
In base 7, what is 10025 + 5?
10033
In base 3, what is -122 + -10?
-202
In base 11, what is -7a57 - -4?
-7a53
In base 16, what is -9 + 1?
-8
In base 9, what is 170 + 2?
172
In base 14, what is -1 - d?
-10
In base 16, what is f5 - 3?
f2
In base 9, what is -1 + -5041?
-5042
In base 14, what is 2 - -32?
34
In base 11, what is 568 + 4?
571
In base 9, what is -3167 - 1?
-3168
In base 10, what is -68 - -2?
-66
In base 13, what is 5 - -13b?
143
In base 9, what is -1052 + 18?
-1033
In base 10, what is 1 + -2655?
-2654
In base 14, what is -c - -3d?
31
In base 3, what is -10 - -11110?
11100
In base 15, what is -389 - 7?
-391
In base 5, what is 4 - -231?
240
In base 4, what is 11 - 13330?
-13313
In base 5, what is 41200 - -2?
41202
In base 5, what is -14 + -34312?
-34331
In base 9, what is 75 - -4?
80
In base 12, what is 58b + -4?
587
In base 9, what is -5 - 511?
-516
In base 4, what is -113302 - -11?
-113231
In base 11, what is 4a - -5?
54
In base 8, what is -5 - -2141?
2134
In base 8, what is 3 + -23?
-20
In base 6, what is -2 - 122?
-124
In base 11, what is -3 - -3a01?
39a9
In base 4, what is -1111 - 120?
-1231
In base 13, what is -3c8 + 0?
-3c8
In base 8, what is -15 + -5?
-22
In base 9, what is -5 - 4?
-10
In base 9, what is 2678 + 7?
2686
In base 11, what is -15 - -142?
128
In base 12, what is -6 + 121?
117
In base 14, what is 7 - 15?
-c
In base 3, what is -21 + 12?
-2
In base 12, what is 4 - -88?
90
In base 10, what is 6 - 127?
-121
In base 9, what is 4310 - -4?
4314
In base 12, what is 67 + 24?
8b
In base 12, what is -33 + -2?
-35
In base 4, what is -22012 + -12?
-22030
In base 6, what is -1003 + 32?
-531
In base 9, what is 22 - 155?
-133
In base 10, what is 6 + -3663?
-3657
In base 9, what is 16 + -858?
-842
In base 13, what is -6 - 4b?
-54
In base 13, what is -2 + 27?
25
In base 8, what is 1 - 71?
-70
In base 9, what is -223 + 64?
-148
In base 11, what is -4 + -75?
-79
In base 10, what is -23165 + 1?
-23164
In base 15, what is 2 - -6dd?
6e0
In base 3, what is 20 - 110120?
-110100
In base 15, what is e0b - -2?
e0d
In base 2, what is -101 + -110010001011?
-110010010000
In base 12, what is -27 - -6?
-21
In base 3, what is -1020 - -111?
-202
In base 11, what is -174 - 2?
-176
In base 8, what is -312 - -3?
-307
In base 3, what is 1 - 10002022?
-10002021
In base 6, what is 2230 + 12?
2242
In base 13, what is 2 - -136?
138
In base 6, what is -412 - -215?
-153
In base 14, what is -1 + -29?
-2a
In base 14, what is 8c6 - 4?
8c2
In base 13, what is -30c9 + -4?
-3100
In base 11, what is 4 - -222?
226
In base 11, what is -3 - -682?
67a
In base 5, what is 3 - -130340?
130343
In base 13, what is -296b - 1?
-296c
In base 3, what is -20120 + 11?
-20102
In base 13, what is -248 - -5?
-243
In base 8, what is -2456 - -7?
-2447
In base 12, what is -7 + -143?
-14a
In base 14, what is da - 12?
c8
In base 10, what is 444 - 1?
443
In base 12, what is 19 - 48?
-2b
In base 8, what is 1 - -1?
2
In base 6, what is 511 - 11?
500
In base 12, what is 260 + -1?
25b
In base 11, what is 1 + -8a?
-89
In base 12, what is 1 + 10a?
10b
In base 15, what is -a74 - -3?
-a71
In base 14, what is -5 - 6c?
-73
In base 2, what is -10 + 10110100100?
10110100010
In base 4, what is -1013 - 12?
-1031
In base 13, what is -18 - 18a?
-1a5
In base 3, what is 102110 + -110?
102000
In base 3, what is -1221110110 + 2?
-1221110101
In base 11, what is -6a36 - 3?
-6a39
In base 13, what is -41 + -7?
-48
In base 5, what is 10 + -240?
-230
In base 11, what is -5 + -113?
-118
In base 6, what is -3 + -224?
-231
In base 5, what is 31 + -10?
21
In base 16, what is 4 - 1ba?
-1b6
In base 12, what is -183 + 2?
-181
In base 3, what is -121001012 - 0?
-121001012
In base 11, what is -16 - -143?
128
In base 14, what is cd9 - 5?
cd4
In base 5, what is 34 - 10?
24
In base 14, what is 1a3c + -4?
1a38
In base 3, what is -1 + 1011000?
1010222
In base 7, what is 16 - -2?
21
In base 4, what is 1130030 - 10?
1130020
In base 6, what is -24 - 434?
-502
In base 9, what is -3 + 102?
88
In base 11, what is -6937 - 5?
-6941
In base 10, what is -1428 + 1?
-1427
In base 8, what is 62 + -5?
55
In base 7, what is 2 - 15?
-13
In base 3, what is 0 + -101021?
-101021
In base 5, what is 0 + -143?
-143
In base 2, what is 11 + 1011100?
1011111
In base 13, what is -52 - -3?
-4c
In base 14, what is 15 + -2?
13
In base 11, what is 15 + -102?
-98
In base 6, what is 5 + -3312?
-3303
In base 11, what is -3 - 16?
-19
In base 10, what is 1774 - 3?
1771
In base 10, what is 363 + -4?
359
In base 7, what is -135 - 302?
-440
In base 9, what is -15 - -48?
33
In base 13, what is 4 - -49?
50
In base 9, what is -465 + 48?
-416
In base 2, what is 1111 + 101111111?
110001110
In base 16, what is c + -198?
-18c
In base 2, what is 1101 + -1011?
10
In base 8, what is -3 - 147?
-152
In base 6, what is -25 + 41?
12
In base 4, what is 2 - -21330?
21332
In base 11, what is 4 + -1566?
-1562
In base 5, what is -430 + -2322?
-3302
In base 3, what is 12 - -21102011?
21102100
In base 5, what is -12 + 104?
42
In base 6, what is 1055 + 2?
1101
In base 6, what is 4 - 303?
-255
In base 12, what is 12155 + -4?
12151
In base 16, what is d3 + 2?
d5
In base 3, what is 201 - 22?
102
In base 13, what is 49 + 1?
4a
In base 11, what is 1 - 371?
-370
In b